-7 - -8) + 0
0
What is -2 + 4 - (-7 + 15) - -5?
-1
-1 + -1 - (-21 + 15)
4
Evaluate 12 - 8 - (3 - 1).
2
Evaluate -2 + -1 + 5 - (2 + -1).
1
What is the value of 0 + -1 + 1 + 0?
0
(3 - 8) + 10 + 2
7
What is -9 + (-5 - -6 - -8) + -5?
-5
Evaluate 1 + -5 + -28 + 31.
-1
What is 3 - (-5 - -3) - 6?
-1
2 + 1 + -1 - (-8 + 9)
1
Calculate 5 - ((5 - 9) + -1 + 4).
6
What is the value of 4 + 1 + 30 + (2 - 27)?
10
Evaluate (-1 - -11 - 5) + (0 - 0).
5
What is -4 - (9 + -3 - 7) - -8?
5
Calculate 8 + -9 + -1 + 1 + -2.
-3
What is the value of 6 + (0 - 1) - 1?
4
What is 38 + -43 + -1 + 1?
-5
Calculate 9 + (8 + -28 - -3 - -2).
-6
1 + 5 + (-4 - 1)
1
Calculate 1 + 9 + -3 - (-65 + 63).
9
Calculate 0 + 7 + -6 + -7.
-6
Evaluate 1 + (-3 - 0) + 2.
0
-13 + 11 + 0 + -4
-6
19 + -12 + -3 + -6
-2
What is the value of 3 + -6 - (2 + -4)?
-1
Evaluate -3 - -6 - 1 - 7.
-5
Calculate 4 - (15 - 7 - 9).
5
What is the value of 7 - 9 - -8 - 6?
0
What is 6 + (3 + 0 + -6 - 0)?
3
Calculate 11 - (17 + -3 + -4).
1
What is the value of -1 + (-1 + -5 - (-26 - -13))?
6
Calculate 7 - (1 - -8 - (0 + 6)).
4
Evaluate 9 - (3 - 1) - 3.
4
Evaluate 3 - ((-8 - 1) + 9).
3
-4 + 0 - (3 - 7)
0
Evaluate 0 + (-1 - 1) + (31 - 27).
2
What is -4 - -4 - 4 - (-12 + 0)?
8
-51 + 51 + (-1 - (-3 + 1))
1
-42 + 40 - (2 - 2 - 2)
0
What is -72 - -86 - (23 + 1)?
-10
What is 11 - (-2 - (-9 + 1))?
5
Evaluate 8 + -3 + -3 + 3 + -5.
0
What is the value of (-4 - (-24 + 11)) + 1 + -4?
6
What is -1 - (3 - (-2 + 2))?
-4
Evaluate (-7 - 1) + 32 + 2 + -16.
10
What is the value of -3 + 8 + -10 - -2?
-3
What is 10 + (11 - (3 - -10))?
8
Calculate 23 + -29 - (-1 - (-3 + 2)).
-6
What is 8 - 0 - (4 - (-8 + 10))?
6
What is -3 + (-5 - -5 - -4) + 1?
2
(-17 - -4) + 6 - -3
-4
Evaluate 1 + 1 - (-2 + (6 - -3)).
-5
Calculate 6 + -2 - (-2 - (2 - 10)).
-2
What is -2 - (-2 + -3 + 2)?
1
Calculate (-1 - (0 + -4) - 1) + -7.
-5
11 - (2 + 3) - 11
-5
6 - (-1 + 1) - (0 + 1)
5
Evaluate 4 - 0 - (40 - 35).
-1
9 + -5 - (-8 + 21 - 8)
-1
What is -1 + 4 + -3 + 0?
0
What is 5 + -9 + (0 - -1)?
-3
(2 - 0 - -4) + (0 - -2)
8
Calculate -8 - (-7 - -3) - 3 - -1.
-6
Evaluate 6 + -6 + (1 - -1) + 0.
2
Calculate (5 - 1 - -2) + (-1 - 1).
4
-1 - -9 - (2 - -2) - 3
1
Calculate 0 + -4 + 3 + 2.
1
What is 4 + -5 - 0 - 0?
-1
What is -5 + (-2 - (-5 - 4))?
2
(-26 - -15) + (-1 - -13)
1
Evaluate -3 + (1 + 3 - 4).
-3
6 + -10 + (-5 - 0) + 7
-2
(4 - -1) + -7 - (2 - 0)
-4
What is -62 + 65 + 3 + 0?
6
What is -45 + 49 - (1 - 2 - -1)?
4
What is -1 + (1 + 2 + -6 - -2)?
-2
What is 7 + -3 - (-32 + 35)?
1
What is the value of -11 + -4 - -6 - -18?
9
Calculate 1 + 3 + 1 + -1.
4
Evaluate -4 - ((-8 - (-1 + -2)) + -3).
4
Evaluate (6 - 5) + 1 - 6.
-4
Evaluate -5 + (-10 - -15) + (-6 - 0).
-6
What is 2 + 1 + (2 - 0)?
5
Evaluate (9 - 9) + 8 + 0 + -12.
-4
-10 + (0 - -6) + 2
-2
Evaluate -1 + -5 + -8 + (10 - -1).
-3
What is (-3 - -6 - 1) + -3?
-1
What is the value of 3 + (-2 + 0 - 1) - -4?
4
1 + -3 - 2 - (21 + -25)
0
Calculate 0 - (2 - ((3 - 0) + 4)).
5
What is 2 - 0 - (-6 - (-12 - -1))?
-3
What is -10 + 13 + (-6 - -4)?
1
-39 + 57 - (10 - 0)
8
What is the value of (-9 - -6) + 8 - 8?
-3
What is the value of -5 + (2 - (-1 - -4)) - -3?
-3
0 + (-4 - -9) + -4
1
13 - (10 - -2) - -1
2
What is the value of (-3 - -4 - 6) + (14 - 9)?
0
What is the value of -2 - 0 - (-5 - -1) - -2?
4
Calculate 8 - (1 + 3) - (4 - -1).
-1
Evaluate 3 + 2 + (-6 - (2 + -1)).
-2
Evaluate -1 + 4 + 0 + (12 - 10).
5
What is (-14 - -15) + -1 + 5 + 5?
10
-2 - 4 - (3 - 6)
-3
What is 4 - (7 - 4) - 3?
-2
Evaluate (8 + -10 - -13) + -14.
-3
-3 + 5 - 10 - (2 + -7)
-3
-4 + 0 + 5 + (1 - -2)
4
9 + 8 + 3 + -19
1
Calculate 0 + -7 + 1 + 0.
-6
What is 9 + -37 + 14 + 5 + 1?
-8
Calculate -2 - ((3 - 1) + -2).
-2
What is (16 - -5) + -11 + -19?
-9
Evaluate -24 + 11 + 1 + 9.
-3
Evaluate -4 + (-1 + -2 - (4 - 8)).
-3
What is -1 - (-6 - (2 + -4))?
3
Calculate 7 + -1 - (-5 + 6).
5
Evaluate (16 - 2 - 13) + (5 - 1).
5
What is (0 + (-3 - 1) - -3) + 4?
3
What is -19 + 17 - (-1 + 7) - -5?
-3
Calculate (0 - 0) + (0 - -5).
5
What is the value of 1 + -8 + 4 + -6 + 5?
-4
Calculate 3 + (2 - (8 + 0)).
-3
What is the value of 11 - (-10 - (-8 - 8))?
5
34 + -38 + 0 + -1 - -5
0
What is 6 - (-11 + 7 - -13)?
-3
What is the value of 0 - ((0 + 0 - 4) + 1)?
3
Evaluate (4 - 8) + (3 - -3 - 8).
-6
What is -8 + (-1 - 5 - -8)?
-6
Evaluate -5 + 1 + (3 - (8 - 4)).
-5
Evaluate 3 + ((-8 - -4) + 1 - 3).
-3
Evaluate 4 + (-1 - 2 - 4) + -1.
-4
What is the value of 3 + (-5 - (-4 + 4)) + 3?
1
What is -4 + (2 - (0 + 1))?
-3
What is the value of -8 + (0 - -5 - (-4 - -6))?
-5
(0 + (2 - 6) - -2) + -4
-6
Calculate 0 - (1 + 0 - (4 - 1)).
2
Calculate 1 + (5 - (-4 + 6)).
4
What is the value of -7 + 3 + (3 - 1)?
-2
Evaluate (-2 - (2 + (0 - 3))) + 4.
3
Calculate 3 + -3 + 1 - (-2 - 1).
4
What is the value of 4 - (-2 - (-9 - -6 - 1))?
2
Calculate -3 + 1 + 0 - -4.
2
Calculate 4 + -2 + -4 + 2 + 4.
4
What is the value of -10 + 1 + (-47 - -58)?
2
What is -4 + 1 - (0 - -2)?
-5
What is the value of 6 + (-13 - -8) + -4 + -1?
-4
Evaluate -3 + 14 + 0 + 0 + -6.
5
Evaluate 3 + (3 - (3 - -4)).
-1
Calculate 0 + 1 + 2 + -6.
-3
What is 3 - (-1 + 1) - (-9 - -9)?
3
Calculate (-2 - (-2 - 2)) + 0 - 3.
-1
What is the value of -3 - -1 - (5 + (-7 - -3))?
-3
Evaluate (17 - 5) + 3 - (-2 + 10).
7
Evaluate -3 + (12 - 1 - 7).
1
Evaluate -7 + -1 + 6 - (2 - 3).
-1
What is (0 + -4 - -9 - 1) + 0?
4
Evaluate 2 + (1 - 1) + 7 + -13.
-4
What is -1 - 3 - (-13 - -9)?
0
-12 + 8 - (4 + -8 + 2)
-2
What is -4 - (-7 - (-4 - 1 - 5))?
-7
-11 + 1 + 87 + -82
-5
Calculate (6 - 0 - 3) + -6.
-3
What is -4 + (-3 + 5 - -3 - 2)?
-1
0 - (-3 + 7 - (-2 - -5))
-1
9 + (-17 - -14) + 1 + 2
9
Evaluate -15 - -14 - (1 - 3) - -2.
3
Evaluate (4 - 1) + -8 - (-7 + 8).
-6
What is the value of 0 + 11 + -3 + 4 + -9?
3
Calculate (-22 - -24) + 2 + 1.
5
What is (-5 - -3) + 2 + -5?
-5
What is -8 - (-19 + 5 - (-1 + -2))?
3
What is the value of -1 + 2 + 6 + -3?
4
What is the value of 5 - 7 - 1 - -5?
2
Evaluate 6 + -6 - 0 - (-5 - -2).
3
What is the value of 6 + (-7 - -4) + 1?
4
(-2 - 4 - (-1 - 0)) + 2
-3
Evaluate (0 + 1 + 1 - 3) + -4.
-5
What is the value of 3 + (2 - (-11 - -9)) + -11?
-4
(-1 - -2) + -2 + -2
-3
Calculate 7 + 1 - (-180 - -189).
-1
Calculate (13 - -7) + -7 - 17.
-4
What is the value of -4 + 4 + -1 - -5?
4
What is the value of 3 + (0 - (0 + -3 + 11))?
-5
What is the value of 0 + 7 + (6 - 14) + 4?
3
What is the value of (-1 - (0 + (-1 - 4))) + 1?
5
Evaluate 8 - ((9 - 0) + -2).
1
-11 - -4 - (1 + -7)
-1
What is the value of -1 + (2 - 2) - 1 - 0?
-2
Calculate 0 + -6 + (26 + 1 - 20).
1
What is the value of 6 + -11 + (6 - 1)?
0
(-2 - -5) + (1 - (1 - 2))
5
-9 + 14 - (6 + -1)
0
What is the value of -3 + 1 + 0 - 2?
-4
Evaluate 1 - 0 - (-4 + 5) - 0.
0
Evaluate (-4 - (-7 - -5)) + 0.
-2
Evaluate (-3 - (3 + -4)) + 1 + -3.
-4
What is the value of 3 - (6 + 10 + -8)?
-5
What is 4 + -9 + (-6 - -21)?
10
What is the value of (-22 - -15) + 0 + (1 - 0)?
-6
2 + 3 + 0 + -4
1
What is -6 - (0 + -4 + 0 + 0)?
-2
What is -2 + -7 - 2 - (-134 - -128)?
-5
Calculate 1 - (3 - (-1 + 6)).
3
(2 - (4 - -3) - -6) + 1
2
What is the value of 0 + 0 - (-6 - (-16 - -9))?
-1
Evaluate 6 + (-3 - (-3 + 8)).
-2
(0 - 1) + -5 + 7
1
What is (1 - (-2 + 0)) + (18 - 23)?
-2
What is -7 - ((-4 - 21) + 11)?
7
3 - 1 - (-11 + 5 + 7)
1
Calculate 0 + 1 + 33 + -30.
4
8 + (-7 - (-8 + 2 - -3))
4
11 + -8 + (1 - 1)
3
What is the value of 5 + -4 - (-3 + 3 + 3)?
-2
Calculate -1 + (2 - 2) + 0.
-1
-1 - 1 - (10 - (24 + -13))
-1
(-4 - 2) + (-5 - (-4 - 2))
-5
What is 5 + (-6 + 1 - 5)?
-5
-5 + -6 + 1 + 9
-1
(-7 - (-7 - -3 - 1)) + 7
5
What is -8 - (7 + -24) - 3?
6
0 + 2 + 8 + -8
2
What is 7 + 7 + -6 - -3?
11
8 + (5 - 6) + -5
2
What is the value of 2 - (2 + -1 + (-18 - -13))?
6
What is -2 - (-3 - -5 - -1)?
-5
Calculate (5 + -3 - 1) + -2.
-1
Calculate 2 - (-5 + 4) - 3.
0
Calculate 2 + (0 - (3 + 4)).
-5
What is 0 + (3 - -2 - 1)?
4
Evaluate -2 + (30 - 21) + -3 + -1.
3
Evaluate 12 + (-31 - -28) + (2 - 4).
7
Evaluate (9 - (3 + -7)) + -8.
5
Calculate -8 - -1 - (5 + -11 - -1).
-2
What is 1 + (6 + (-2 - 2) - 5)?
-2
What is (3 - -1 - 1) + -8?
-5
6 - 0 - (48 - 48)
6
Calculate -6 + (-5 - -18) + -5.
2
What is the value of -76 + 71 + (0 - 1) + 1?
-5
-1 - 3 - (-10 + (-6 - -12))
0
What is the value of (13 - 0) + (-7 - 14)?
-8
What is the value of (0 - 7) + 4 - 2?
-